-100).
-28
Let v(z) = -684*z**2 + 9585*z - 71. What is v(14)?
55
Let l(y) = 7*y**3 - 296*y**2 - 210*y - 212. Calculate l(43).
3
Let l(y) = 2667819*y - 21342558. What is l(8)?
-6
Let g(a) = 68*a**2 - 1494*a + 7122. Give g(15).
12
Let s(b) = -b**2 - 53*b + 51. Determine s(-50).
201
Let o(x) = -24*x**3 + 205*x**2 - 79*x + 61. Calculate o(8).
261
Let p(a) = 2*a**2 + 100*a - 613. What is p(-58)?
315
Let t(p) = -p**3 - 2667*p**2 - 138544*p - 100. Calculate t(-53).
6
Let l(c) = -71*c - 5859. Calculate l(-84).
105
Let v(d) = 5449*d + 512364. Calculate v(-94).
158
Let f(g) = 41*g**3 + 588*g**2 - 586*g. Give f(1).
43
Let d(g) = -302*g**2 - 6013*g + 19. Calculate d(-20).
-521
Let y(j) = 68314*j - 7104662. Calculate y(104).
-6
Let i(m) = -69*m + 722. What is i(20)?
-658
Let i(g) = 14107*g - 3470329. Give i(246).
-7
Let r(n) = -n**3 + 40*n**2 + 28*n + 409. What is r(41)?
-124
Let p(a) = -23330*a - 186565. Calculate p(-8).
75
Let b(h) = -2834*h + 844500. Calculate b(298).
-32
Let v(z) = z**3 - 199*z**2 + 1158*z - 69. Determine v(193).
-69
Let n(u) = -248*u - 860. Determine n(5).
-2100
Let f(u) = -u**3 - 51*u**2 - 545*u + 1661. Calculate f(-33).
44
Let r(t) = t**2 - 998*t + 204480. Determine r(710).
0
Let s(w) = -3*w**3 + 12*w**2 + 144*w + 4. What is s(-6)?
220
Let f(n) = n**3 - 20*n**2 - 1026*n + 7844. What is f(7)?
25
Let x(s) = s**2 + 62519*s - 2815390. Calculate x(45).
-10
Let k(v) = 6344*v - 140366. Calculate k(22).
-798
Let p(f) = 836*f**2 + 39292*f + 125. What is p(-47)?
125
Let g(v) = -10*v**2 - 2071*v - 45399. Determine g(-25).
126
Let y(w) = -w**3 + 49*w**2 + 3303*w + 98. Give y(87).
-163
Let y(n) = 103*n + 3213. Determine y(-19).
1256
Let g(j) = 1771*j + 10412. What is g(-6)?
-214
Let c(p) = -219806*p - 3956517. What is c(-18)?
-9
Let o(n) = 17*n**2 - 4459*n + 949. What is o(262)?
-361
Let g(o) = o**2 + 21863*o + 33. Calculate g(0).
33
Let s(f) = 11*f**2 + 542*f + 5231. What is s(-36)?
-25
Let m(r) = -284*r**3 - 1417*r**2 + 12*r + 20. Calculate m(-5).
35
Let n(t) = -8*t**2 + 390*t - 3816. Give n(35).
34
Let h(q) = 203*q**2 - 36131*q - 576. Give h(178).
-42
Let o(i) = -i**2 - 8309*i + 116467. Give o(14).
-55
Let k(z) = -z**3 - 12*z**2 + 2270*z + 20669. Determine k(-9).
-4
Let v(i) = -26*i**2 + 28*i - 443. Calculate v(9).
-2297
Let i(r) = 16993*r - 84505. Give i(5).
460
Let g(n) = -8920*n + 89225. What is g(10)?
25
Let u(k) = -48*k**2 + 26*k + 541. Give u(0).
541
Let r(c) = 43*c**2 + 61*c - 389. What is r(5)?
991
Let s(f) = 81*f**3 - 2432*f**2 + 65*f - 142. What is s(30)?
8
Let j(k) = 22*k**2 + 13012*k - 20149. What is j(-593)?
13
Let w(q) = -4081*q + 5665. Determine w(1).
1584
Let t(v) = 35*v**3 - 50*v**2 - 16*v + 12. Calculate t(2).
60
Let g(y) = 1732006*y + 1732002. Determine g(-1).
-4
Let h(c) = 9*c**2 + 207*c + 165. Calculate h(-19).
-519
Let z(h) = -h**3 - 9*h**2 - 326*h + 1087. Calculate z(3).
1
Let u(w) = -15786*w - 2525753. What is u(-160)?
7
Let y(u) = u**2 + 1740*u + 24361. What is y(-14)?
197
Let w(m) = 1438*m + 89143. Determine w(-62).
-13
Let i(v) = -20*v**3 + 20*v**2 - 37*v + 32. Give i(4).
-1076
Let r(y) = -393*y + 19940. Determine r(50).
290
Let g(y) = 687*y**2 + 3898*y - 1360. Determine g(-6).
-16
Let g(h) = h**3 + 10*h**2 - 1133*h + 28. What is g(-38)?
2650
Let l(u) = 1480*u - 83019. What is l(56)?
-139
Let o(t) = -94*t + 51. Give o(-5).
521
Let q(p) = -p**2 - 129*p - 4146. What is q(-73)?
-58
Let x(w) = w**3 - 12*w**2 + 23*w - 62. What is x(-7)?
-1154
Let a(f) = 5*f**3 - 8*f**2 - 29*f + 34. Determine a(3).
10
Let f(x) = -909*x - 11801. Calculate f(-13).
16
Let y(b) = 1013*b - 137699. Give y(136).
69
Let w(i) = -10*i**2 + 3756*i - 22568. Give w(6).
-392
Let l(k) = -2*k**3 - 3*k**2 - 94*k + 253. What is l(3)?
-110
Let a(f) = 2*f**3 + 79*f**2 - 13249*f + 57. Give a(64).
-7
Let m(a) = -10149427*a - 91344836. Calculate m(-9).
7
Let v(b) = b**3 + 10*b**2 - 140*b + 21. What is v(9)?
300
Let m(d) = -2*d**2 - 196*d + 14405. Give m(-147).
-1
Let n(c) = 762*c - 2537. Calculate n(-2).
-4061
Let q(b) = b**2 + 530*b - 779848. Calculate q(-1187).
11
Let z(q) = 82*q - 2269. Calculate z(30).
191
Let v(g) = -228*g**3 + 166*g**2 - 242*g - 191. Give v(2).
-1835
Let o(y) = y**3 + 41*y**2 - 22237*y + 929. Give o(130).
19
Let a(v) = -27065*v - 811989. What is a(-30)?
-39
Let a(q) = 3*q**2 - 5*q - 2652. Calculate a(29).
-274
Let w(g) = 2*g**2 - 374*g + 10409. Calculate w(34).
5
Let z(c) = -c**2 - 2511*c + 427370. Give z(160).
10
Let c(f) = -41*f**2 - 332*f + 7. What is c(-6)?
523
Let l(h) = -1144*h + 166179. Determine l(145).
299
Let w(v) = -15*v**2 - 147*v - 329. What is w(-4)?
19
Let y(c) = 15*c**2 - 6659*c - 61604. Calculate y(453).
4
Let q(h) = h**3 + 26*h**2 + 121*h - 411. Calculate q(-11).
73
Let b(g) = 2*g**2 + 205*g - 504. What is b(8)?
1264
Let w(o) = 134645*o - 3366131. Give w(25).
-6
Let f(t) = 114*t**3 - 2*t**2 + t - 22. Determine f(0).
-22
Let z(o) = 47*o**3 - 2441*o**2 - 156*o - 15. Determine z(52).
-15
Let k(a) = 3*a**2 + 2524*a - 10126. Determine k(4).
18
Let f(j) = j**3 + 13*j**2 - 742*j - 3103. Give f(-4).
9
Let v(l) = -8017*l - 264520. Determine v(-33).
41
Let n(p) = -65*p**3 + 8712*p**2 - 270*p + 55. Determine n(134).
-213
Let f(d) = -8*d - 987. What is f(-119)?
-35
Let p(m) = -6354*m + 139781. Give p(22).
-7
Let q(g) = -77934*g + 63126553. Give q(810).
13
Let f(z) = 590*z + 126219. Calculate f(-214).
-41
Let f(x) = -x**3 - 227*x**2 - 514*x - 14456. Calculate f(-225).
-56
Let c(q) = -224*q**3 + 144*q**2 - 4*q + 4. What is c(1)?
-80
Let c(i) = -165*i**2 + 156*i + 333. Determine c(-1).
12
Let a(c) = c**3 - 13*c**2 - 119*c + 621. Determine a(5).
-174
Let u(t) = t**2 - 21711*t + 86834. Determine u(4).
6
Let h(a) = -7*a**2 - 11885*a - 1405161. What is h(-1570)?
-11
Let a(f) = -2457*f - 14599. Calculate a(-6).
143
Let j(a) = a**3 - 18*a**2 + 826*a - 5181. What is j(7)?
62
Let x(q) = -299*q - 324. Give x(0).
-324
Let f(b) = -10787*b - 194159. Calculate f(-18).
7
Let n(h) = 13*h**2 - 8840*h - 17726. What is n(682)?
6
Let a(w) = 3*w**2 + 896*w - 21034. What is a(23)?
1161
Let p(a) = 16*a**3 - 1040*a**2 + 27843*a - 1809786. Give p(65).
9
Let u(z) = 2*z**2 - 2409*z + 637846. Determine u(393).
7
Let y(o) = -520*o - 52196. Calculate y(-101).
324
Let f(h) = -18718*h - 18726. Determine f(-1).
-8
Let r(n) = -91*n - 1157. Give r(-19).
572
Let h(k) = 6842*k**2 - 13701*k + 7. What is h(2)?
-27
Let k(q) = 9*q**3 - 233*q**2 + 210*q - 251. What is k(25)?
-1
Let y(p) = -205*p**2 - 3539*p + 3539. Give y(1).
-205
Let d(w) = -10530*w - 63252. Calculate d(-6).
-72
Let w(l) = 147*l - 12583. Determine w(89).
500
Let n(h) = -7013*h + 680274. Give n(97).
13
Let k(b) = 212*b + 10046. Give k(-48).
-130
Let i(p) = 993*p - 6002. Determine i(6).
-44
Let t(r) = 5*r**2 - 185*r - 473. Determine t(45).
1327
Let k(i) = -2*i**3 + 93*i**2 + 147*i - 4670. Determine k(47).
30
Let x(s) = 19*s**3 - 2*s**2 - 13240*s - 13239. Determine x(-1).
-20
Let p(n) = 17*n**2 + 2435*n + 31121. Give p(-129).
-97
Let y(b) = -b**3 - 9*b**2 + 276*b - 220. Determine y(-23).
838
Let k(j) = -862*j**2 - 8607*j + 232. What is k(-10)?
102
Let w(m) = m**3 + 16*m**2 + 53*m + 287. What is w(-16)?
-561
Let x(l) = -454*l - 27542. What is x(-58)?
-1210
Let i(q) = -2*q**3 + 271*q**2 + 757*q + 437. Determine i(-2).
23
Let j(i) = -i**3 + 7*i**2 - 24*i + 114. What is j(6)?
6
Let c(g) = 94838*g - 4552184. Calculate c(48).
40
Let f(g) = -2468291*g - 9873145. Determine f(-4).
19
Let r(i) = -24*i**2 - 1739*i - 14946. Calculate r(-10).
44
Let a(x) = 12257*x + 73549. Give a(-6).
7
Let f(p) = p**3 + 10*p**2 + 6881*p + 41147. Determine f(-6).
5
Let g(o) = o**3 - 493*o**2 + 1987*o - 15164. Calculate g(489).
-5
Let s(a) = -a**3 + 28*a**2 + 633*a + 71. Determine s(-14).
-559
Let j(p) = 4*p**2 + 42418*p - 637177. Determine j(15).
-7
Let r(v) = -624*v - 38014. Calculate r(-61).
50
Let u(c) = -c**2 + 9265*c - 231000. Calculate u(25).
0
Let g(v) = -29*v**2 + 1098*v - 928. What is g(37)?
-3
Let u(j) = -2*j**3 + 360*j**2 + 364*j - 381. Give u(181).
-19
Let x(s) = 15102*s - 770198. Give x(51).
4
Let d(i) = -325*i - 17942. What is d(-57)?
583
Let i(f) = 388*f**2 + 451*f - 922. Determine i(2).
1532
Let x(n) = 44020*n - 704310. What is x(16)?
10
Let s(l) = 448*l + 1110. Determine s(-2).
214
Let u(q) = 2*q**2 + 367*q - 4736. Det